{"id":348,"date":"2023-03-15T19:56:51","date_gmt":"2023-03-15T19:56:51","guid":{"rendered":"https:\/\/smkyoga.de\/?page_id=348"},"modified":"2023-04-18T07:36:41","modified_gmt":"2023-04-18T07:36:41","slug":"hormonyoga-ab-mai-23","status":"publish","type":"page","link":"https:\/\/smkyoga.de\/index.php\/yoga-kurse\/hormonyoga-ab-mai-23\/","title":{"rendered":"Hormonyoga"},"content":{"rendered":"\n<div class=\"wp-block-media-text alignwide has-media-on-the-right is-stacked-on-mobile is-vertically-aligned-top\"><div class=\"wp-block-media-text__content\">\n<p><\/p>\n\n\n\n<p>Hormon-Yoga ist eine spezielle Art des Yoga, die darauf abzielt, den Hormonhaushalt im K\u00f6rper auszugleichen. <\/p>\n\n\n\n<p>Die Hormon-Yoga-Praxis kombiniert klassische Yoga-Asanas, Atem\u00fcbungen, Entspannungstechniken und Meditation. Es werden bestimmte \u00dcbungen durchgef\u00fchrt, die gezielt die Hormondr\u00fcsen (Schilddr\u00fcse, Hypophyse und Eierst\u00f6cke) sowie das Nervensystem und das Immunsystem stimulieren und das Energiesystem des K\u00f6rpers aktivieren. Durch diese gezielte Stimulation soll der Hormonhaushalt reguliert und ausgeglichen werden.<\/p>\n\n\n\n<p>Hormon-Yoga-\u00dcbungen beinhalten oft auch Bauch- und Beckenboden-\u00dcbungen, die die Durchblutung im Beckenbereich erh\u00f6hen und somit die Hormonproduktion ankurbeln sollen. Die \u00dcbungen k\u00f6nnen auch auf bestimmte Phasen des Menstruationszyklus oder der Menopause ausgerichtet werden.<\/p>\n\n\n\n<p>Hormon-Yoga kann eine hilfreiche Praxis sein, um hormonelle Ungleichgewichte zu behandeln und Symptome wie Hitzewallungen, Schlafst\u00f6rungen oder Stimmungsschwankungen zu reduzieren. Es ist jedoch wichtig zu beachten, dass Hormon-Yoga nicht als Ersatz f\u00fcr eine medizinische Behandlung oder Therapie angesehen werden sollte, sondern eher als unterst\u00fctzende Ma\u00dfnahme.<\/p>\n<\/div><figure class=\"wp-block-media-text__media\"><img loading=\"lazy\" decoding=\"async\" width=\"1024\" height=\"663\" src=\"http:\/\/smkyoga.de\/wp-content\/uploads\/2023\/03\/Hormon-1024x663.jpg\" alt=\"\" class=\"wp-image-381 size-full\" srcset=\"https:\/\/smkyoga.de\/wp-content\/uploads\/2023\/03\/Hormon-1024x663.jpg 1024w, https:\/\/smkyoga.de\/wp-content\/uploads\/2023\/03\/Hormon-300x194.jpg 300w, https:\/\/smkyoga.de\/wp-content\/uploads\/2023\/03\/Hormon-768x497.jpg 768w, https:\/\/smkyoga.de\/wp-content\/uploads\/2023\/03\/Hormon-1536x995.jpg 1536w, https:\/\/smkyoga.de\/wp-content\/uploads\/2023\/03\/Hormon-2048x1326.jpg 2048w\" sizes=\"auto, (max-width: 1024px) 100vw, 1024px\" \/><\/figure><\/div>\n","protected":false},"excerpt":{"rendered":"<p>Hormon-Yoga ist eine spezielle Art des Yoga, die darauf abzielt, den Hormonhaushalt im K\u00f6rper auszugleichen. Die Hormon-Yoga-Praxis kombiniert klassische Yoga-Asanas, ...<\/p>","protected":false},"author":1,"featured_media":0,"parent":25,"menu_order":0,"comment_status":"closed","ping_status":"closed","template":"","meta":{"footnotes":""},"class_list":["post-348","page","type-page","status-publish","hentry"],"_links":{"self":[{"href":"https:\/\/smkyoga.de\/index.php\/wp-json\/wp\/v2\/pages\/348","targetHints":{"allow":["GET"]}}],"collection":[{"href":"https:\/\/smkyoga.de\/index.php\/wp-json\/wp\/v2\/pages"}],"about":[{"href":"https:\/\/smkyoga.de\/index.php\/wp-json\/wp\/v2\/types\/page"}],"author":[{"embeddable":true,"href":"https:\/\/smkyoga.de\/index.php\/wp-json\/wp\/v2\/users\/1"}],"replies":[{"embeddable":true,"href":"https:\/\/smkyoga.de\/index.php\/wp-json\/wp\/v2\/comments?post=348"}],"version-history":[{"count":7,"href":"https:\/\/smkyoga.de\/index.php\/wp-json\/wp\/v2\/pages\/348\/revisions"}],"predecessor-version":[{"id":453,"href":"https:\/\/smkyoga.de\/index.php\/wp-json\/wp\/v2\/pages\/348\/revisions\/453"}],"up":[{"embeddable":true,"href":"https:\/\/smkyoga.de\/index.php\/wp-json\/wp\/v2\/pages\/25"}],"wp:attachment":[{"href":"https:\/\/smkyoga.de\/index.php\/wp-json\/wp\/v2\/media?parent=348"}],"curies":[{"name":"wp","href":"https:\/\/api.w.org\/{rel}","templated":true}]}}