{"id":342,"date":"2023-03-15T19:56:03","date_gmt":"2023-03-15T19:56:03","guid":{"rendered":"https:\/\/smkyoga.de\/?page_id=342"},"modified":"2023-03-18T09:34:32","modified_gmt":"2023-03-18T09:34:32","slug":"kinderyoga","status":"publish","type":"page","link":"https:\/\/smkyoga.de\/index.php\/yoga-kurse\/kinderyoga\/","title":{"rendered":"Yoga f\u00fcr Kinder"},"content":{"rendered":"\n<div class=\"wp-block-media-text alignwide has-media-on-the-right is-stacked-on-mobile is-vertically-aligned-top is-image-fill\"><div class=\"wp-block-media-text__content\">\n<p>Kinderyoga ist eine spezielle Form des Yoga, die f\u00fcr Kinder entwickelt wurde. Es kombiniert Yoga-Asanas, Atem\u00fcbungen und Entspannungs\u00fcbungen mit spielerischen und kreativen Elementen, um den Kindern eine positive Erfahrung zu bieten.<\/p>\n\n\n\n<p>Kinderyoga wird oft in Schulen, Kinderg\u00e4rten oder Yoga-Studios f\u00fcr Kinder angeboten und kann f\u00fcr Kinder jeden Alters geeignet sein. Es kann ihnen helfen, ihre K\u00f6rperwahrnehmung und Konzentration zu verbessern, ihr Selbstbewusstsein und ihre Selbstregulierungsf\u00e4higkeiten zu st\u00e4rken und Stress und Angst abzubauen.<\/p>\n\n\n\n<p>Kinderyoga-Praktiken k\u00f6nnen auf verschiedene Altersgruppen und Entwicklungsstufen zugeschnitten sein, um die Bed\u00fcrfnisse und F\u00e4higkeiten jedes Kindes zu ber\u00fccksichtigen. Die Asanas werden oft mit Tieren, Natur oder Fantasie-Elementen verkn\u00fcpft, um die Vorstellungskraft der Kinder anzuregen und sie zum Mitmachen und Ausprobieren zu motivieren.<\/p>\n\n\n\n<p>Kinderyoga kann auch ein wertvolles Werkzeug f\u00fcr Eltern sein, um mit ihren Kindern in Verbindung zu treten und gemeinsam Zeit zu verbringen. Es kann eine positive und liebevolle Atmosph\u00e4re schaffen, in der Kinder lernen k\u00f6nnen, sich zu entspannen, Spa\u00df zu haben und auf ihren K\u00f6rper und Geist zu achten.<\/p>\n<\/div><figure class=\"wp-block-media-text__media\" style=\"background-image:url(http:\/\/smkyoga.de\/wp-content\/uploads\/2023\/03\/Kinderyoga-scaled-e1678979086185-878x1024.jpg);background-position:50% 50%\"><img loading=\"lazy\" decoding=\"async\" width=\"878\" height=\"1024\" src=\"http:\/\/smkyoga.de\/wp-content\/uploads\/2023\/03\/Kinderyoga-scaled-e1678979086185-878x1024.jpg\" alt=\"\" class=\"wp-image-395 size-full\" srcset=\"https:\/\/smkyoga.de\/wp-content\/uploads\/2023\/03\/Kinderyoga-scaled-e1678979086185-878x1024.jpg 878w, https:\/\/smkyoga.de\/wp-content\/uploads\/2023\/03\/Kinderyoga-scaled-e1678979086185-257x300.jpg 257w, https:\/\/smkyoga.de\/wp-content\/uploads\/2023\/03\/Kinderyoga-scaled-e1678979086185-768x895.jpg 768w, https:\/\/smkyoga.de\/wp-content\/uploads\/2023\/03\/Kinderyoga-scaled-e1678979086185-1318x1536.jpg 1318w, https:\/\/smkyoga.de\/wp-content\/uploads\/2023\/03\/Kinderyoga-scaled-e1678979086185-46x54.jpg 46w, https:\/\/smkyoga.de\/wp-content\/uploads\/2023\/03\/Kinderyoga-scaled-e1678979086185.jpg 1707w\" sizes=\"auto, (max-width: 878px) 100vw, 878px\" \/><\/figure><\/div>\n","protected":false},"excerpt":{"rendered":"<p>Kinderyoga ist eine spezielle Form des Yoga, die f\u00fcr Kinder entwickelt wurde. Es kombiniert Yoga-Asanas, Atem\u00fcbungen und Entspannungs\u00fcbungen mit spielerischen ...<\/p>","protected":false},"author":1,"featured_media":0,"parent":25,"menu_order":0,"comment_status":"closed","ping_status":"closed","template":"","meta":{"footnotes":""},"class_list":["post-342","page","type-page","status-publish","hentry"],"_links":{"self":[{"href":"https:\/\/smkyoga.de\/index.php\/wp-json\/wp\/v2\/pages\/342","targetHints":{"allow":["GET"]}}],"collection":[{"href":"https:\/\/smkyoga.de\/index.php\/wp-json\/wp\/v2\/pages"}],"about":[{"href":"https:\/\/smkyoga.de\/index.php\/wp-json\/wp\/v2\/types\/page"}],"author":[{"embeddable":true,"href":"https:\/\/smkyoga.de\/index.php\/wp-json\/wp\/v2\/users\/1"}],"replies":[{"embeddable":true,"href":"https:\/\/smkyoga.de\/index.php\/wp-json\/wp\/v2\/comments?post=342"}],"version-history":[{"count":12,"href":"https:\/\/smkyoga.de\/index.php\/wp-json\/wp\/v2\/pages\/342\/revisions"}],"predecessor-version":[{"id":415,"href":"https:\/\/smkyoga.de\/index.php\/wp-json\/wp\/v2\/pages\/342\/revisions\/415"}],"up":[{"embeddable":true,"href":"https:\/\/smkyoga.de\/index.php\/wp-json\/wp\/v2\/pages\/25"}],"wp:attachment":[{"href":"https:\/\/smkyoga.de\/index.php\/wp-json\/wp\/v2\/media?parent=342"}],"curies":[{"name":"wp","href":"https:\/\/api.w.org\/{rel}","templated":true}]}}